3 + 4*y. What is j(4)?
-3
Let h = -6 + 10. Let s = -4 - -5. Let u(w) = -4 - w + 8 + s. Calculate u(h).
1
Let v(f) be the second derivative of -f**3/6 + f**2/2 - 4*f. Give v(6).
-5
Let y(z) be the second derivative of z**6/720 - z**5/20 - z**4/6 + 4*z. Let f(o) be the third derivative of y(o). Calculate f(5).
-1
Let s(t) = t**2 + 6*t + 5. Let n(l) = -3*l**2 - 19*l - 16. Let q be 14 + (3 - 1) + -2. Let a be ((-15)/6)/(-5)*q. Let y(u) = a*s(u) + 2*n(u). What is y(-3)?
0
Suppose -6*q + 20*q = -70. Let o(d) = d**3 + 6*d**2 + 7*d + 4. Give o(q).
-6
Let t(y) = 2*y**2 + 3*y + 1. Suppose 11 = -2*w + 5. Determine t(w).
10
Let w(y) = -y**3 - y**2 - 2. Let k(p) = -p**3 - 16*p**2 + 16*p - 17. Let m be k(-17). Calculate w(m).
-2
Let c(t) be the first derivative of 2*t**2 + 3*t + 37. Let f be -1 + (-2)/((-4)/(-2)). Calculate c(f).
-5
Let s(m) = -m**3 + m**2 - 1. Let i(k) = -3*k**3 - k**2 - 2*k. Suppose 3*b + 4 = 16. Let n be (-22)/(-5) - b/10. Let a(t) = n*s(t) - i(t). Calculate a(5).
6
Let r(c) = 17*c - 23. Let a(g) = 8*g - 11. Suppose 2*s + 0*s - 26 = 0. Let q(k) = s*a(k) - 6*r(k). Let w(l) = -l**2 - l + 4. Let t be w(0). Give q(t).
3
Suppose 4*s + 16 = -0*s. Let i(v) = -2*v - 6. Calculate i(s).
2
Let d = -9 - -14. Let x(p) = d*p + 0*p + p - 5*p. Give x(6).
6
Let h(i) = -i**2 + i + 1. Let q = -13 - -11. What is h(q)?
-5
Let q(j) = -5*j + 2. Let a(c) = 2*c - 1. Let f(o) = -7*a(o) - 3*q(o). What is f(-5)?
-4
Suppose -3*c + 8 = 2*d, 3*d + 2*c + 3 = 10. Let b(k) = 0*k - k + k - 15*k. Determine b(d).
-15
Let w(x) be the second derivative of 0*x**2 - 3*x + 2/3*x**3 + 0 + 1/12*x**4. Determine w(-3).
-3
Let q(i) = -5*i + 2*i**2 - 3*i**2 - 1 - 2*i + 3*i. Determine q(-3).
2
Let s(p) = -3*p**3 - 10*p**2 + 19*p + 53. Let d(k) = k**3 + 3*k**2 - 6*k - 18. Let o(h) = 17*d(h) + 6*s(h). What is o(-10)?
-8
Let k be (-3)/9 - (-100)/(-15). Let f(n) = -n**2 - 7*n - 3. Calculate f(k).
-3
Let c(p) = 7*p**2 - 12*p - 2. Let t(j) = 11*j**2 - 18*j - 3. Let o(n) = -8*c(n) + 5*t(n). Suppose -19 = -4*r + 1. Determine o(r).
6
Let k(w) be the first derivative of w**2/2 - 9*w - 2. Let c = 0 + 3. Let t = c - -1. What is k(t)?
-5
Let r(l) = 0 + l**2 - 2 + 10 - 5 - 5*l. Calculate r(5).
3
Let c(p) = 169 - 4*p - p - 167 - p**2. Suppose 4*i = -3*r + 5, 0 = -4*r - 0*i - 4*i + 8. Suppose -3*n + 7 = s, r*n + n = 5*s + 41. What is c(s)?
2
Let s(k) = k**2 + 5*k + 3. Suppose 2*g + 3*g = 25, -3*c + 2*g = 10. Suppose 0 = 3*n - c - 9. Suppose n = -p - 1. What is s(p)?
-1
Suppose 0 = -24*a + 28*a. Let s(q) = q**2 - q - 11. Calculate s(a).
-11
Let t(h) be the third derivative of h**5/20 + 5*h**4/24 + 2*h**3/3 + 4*h**2. Let s(d) = -7*d**2 - 10*d - 8. Let l(v) = 4*s(v) + 9*t(v). Give l(5).
4
Let d(a) = -24*a**3 - 6*a + 3. Let l(u) = 1 - 8*u**3 + 22*u**2 - 22*u**2 - 2*u. Let s(j) = -6*d(j) + 17*l(j). Give s(1).
9
Let p(f) = 6*f - 4. Let x(t) = 7*t - 5. Suppose 6*j = -13 - 17. Let m(i) = j*x(i) + 6*p(i). What is m(5)?
6
Let f be 10/50 - 34/(-5)*1. Let h(a) = a**2 - 11*a + 8. Calculate h(f).
-20
Let y = -5 + 4. Let a(t) = -2*t**2 + 1. Give a(y).
-1
Let s(z) = -3*z - 1. Let w = -11 - -19. Let r = w - 7. What is s(r)?
-4
Let m(c) = 2*c - 7. Let u be m(5). Let z(g) = 4*g**2 - 4*g**2 + g + 1 - 4*g**u. Give z(-1).
4
Suppose -5*k + 2*i = -20, 0 = 4*k - i - 6 - 13. Let g(z) = z. What is g(k)?
6
Suppose 0 = n - 1 - 1. Suppose -6 = -0*t - 3*t - n*u, -t + 2 = -3*u. Suppose -2*g + 2 = t*f, g + 1 = -0*f - 3*f. Let b(o) = o**3 - 4*o**2 + 3*o - 1. Give b(g).
-3
Let t(f) = -f + 7. Let j(v) = -v**3 + 12*v**2. Let w be j(12). Suppose 0*b - b = w. What is t(b)?
7
Let c be ((-2)/10)/((-2)/20). Let f(z) = 4*z + 0*z**c + 120 - 117 + 3*z**2. Calculate f(-2).
7
Let s(d) = -3*d - 2. Let o be s(-3). Suppose 2*v + v = 2*u - o, 4*v = 5*u - 21. Let k(p) = 5*p. What is k(v)?
5
Let b(u) = 4*u + 2*u - 6 - 4*u + 8. Let s(m) = -m - 1. Let v(a) = -5*b(a) - 12*s(a). Give v(-5).
-8
Let y(z) = -z**3 + 5*z**2 + 5*z + 5. Let g be y(6). Let p(k) = 2. Let l(v) = v - 3. Let m(b) = -2*l(b) - 3*p(b). Calculate m(g).
2
Suppose k = 2*d + 4*k + 2, -d + 4*k = -10. Suppose -4*r + 4*z = 40, -5*r - z - 10 = d*z. Let n(a) = -12 + 6 + a**2 + 0*a**2 + 2*a. What is n(r)?
9
Suppose 4*r + 2*s = 6, 0 = -2*s - 3 - 3. Let t(q) = r - 3 + 1 - 4*q - 7*q. Give t(1).
-10
Suppose 3*w + 15 = -0*w. Suppose 0 = -3*q - 6, r + 10 = 5*r - 5*q. Let y(j) = j + 1 + 0 + r. Determine y(w).
-4
Let l(y) = -2*y - 1. Let q be l(-1). Let z = q + 1. Let u be -4*(z/2 + 0). Let h(o) = -o**2 - 5*o - 2. Determine h(u).
2
Let b = 20 + -18. Let o(w) = -w - 4*w - w**2 - w**2 - 2 + b*w. Give o(-2).
-4
Let b(v) be the third derivative of -v**4/8 - 5*v**3/6 + 12*v**2. Calculate b(-4).
7
Let s(c) = -c - 10. Let v(b) = -b - 11. Let x(l) = 4*s(l) - 3*v(l). Calculate x(-5).
-2
Let d(m) = 3*m + 1. Let w be 2/7 + (-253)/77. What is d(w)?
-8
Let y(w) = w**2 + 5*w + 5. Let b(u) = u**2 - 11*u - 3. Let h be b(10). Let q = h + 9. Give y(q).
1
Let k(o) = -15*o**3 - 6*o**2 + 7*o - 1. Let n(b) = 31*b**3 + 11*b**2 - 13*b + 2. Let z(s) = 11*k(s) + 6*n(s). Determine z(1).
21
Let a(d) = -7*d**3 - 13*d**2 - 6*d + 1. Let r(u) = -11*u**3 - 20*u**2 - 9*u + 1. Let p(y) = -8*a(y) + 5*r(y). What is p(-3)?
-3
Let d(p) be the second derivative of p**5/20 - p**3/2 + p**2/2 + 61*p. Calculate d(-3).
-17
Let j(l) = 4*l**2 - l + 2. Let k(z) = -z**3 - 7*z**2 + 7*z - 10. Let i be k(-8). Determine j(i).
20
Let w(d) = 5*d**2 + d - 4*d**2 - 2*d**2 - 2 + 0*d. Calculate w(0).
-2
Let u(d) = d**2. Let r(x) = -x**2 + 10*x - 10. Let o be r(8). Let t = 4 - o. Determine u(t).
4
Suppose 4*n + 5 = v + 8, 7 = 3*v + 4*n. Let y(a) = 5*a - 4*a - 1 - 5*a. Give y(v).
-5
Let i(o) = o**3 - 16*o**2 - 1 + 2 + 19*o**2. Suppose a + 1 = -2. Determine i(a).
1
Let y(z) = 77*z**2 - 4*z + 1 - 39*z**2 - 37*z**2 + z**3. Determine y(-3).
-5
Let o(t) = 5*t**2 - 1. Let y be o(1). Let p(v) = 14*v**2 + 5*v**2 - 18*v**2 + 2 + 2 - 5*v. Calculate p(y).
0
Suppose -4*a - 10 = 4*r + 14, -6 = -a + 5*r. Let l be a/10 - 7/(-5). Suppose -o + l = -1. Let j(g) = -2*g**2 + g + 1. Determine j(o).
-5
Suppose -2*s - 5*l + 24 = 0, 0 = -5*s + 3*s + l. Suppose -3*i + 6*i = 6. Let m(x) = 6*x**2 - 3*x + 0*x**2 - x**3 - x**i. Give m(s).
6
Let z(k) be the third derivative of -k**6/120 + 7*k**5/60 - k**4/12 + 3*k**3/2 - 4*k**2. Calculate z(7).
-5
Suppose 0 = 2*b - 12 + 2. Let i = 4 - b. Let w(z) be the second derivative of -7*z**3/6 + z**2/2 + z. Determine w(i).
8
Let c(s) = 4*s**2 - 7*s - 10. Let j(q) = 7*q**2 - 13*q - 19. Let l(a) = 5*c(a) - 3*j(a). Give l(6).
-5
Let c(v) be the second derivative of -3*v**4/4 + v**3/6 + v. Let l(f) = f - 4. Let g be l(5). Let n = 0 + g. Calculate c(n).
-8
Let v = -43 - -50. Let n(h) = h**3 - 6*h**2 - 6*h - 7. What is n(v)?
0
Let k be 0 - (41 - (5 - 2)). Let q be ((-5)/(-10))/((-1)/k). Let l(r) = -19 + 2*r + q. Calculate l(2).
4
Suppose 4*v + 2*v - 12 = 0. Let t(m) = 2*m. Give t(v).
4
Let a(w) = 6*w + 3 + 2 - 10*w + w**2. Determine a(6).
17
Let m(k) = k**3 + 2*k**2. Let o be m(-1). Let y(s) be the second derivative of -s**4/12 + s**3/6 - 2*s. Give y(o).
0
Let z(j) be the second derivative of -5*j**4/6 + j**3/6 + 5*j. Give z(1).
-9
Let q(d) = d**2 - 3*d - 9. Let v be q(5). Let j(k) = -16*k**2 + k - 1. Calculate j(v).
-16
Let p(b) = -b**2 + b - 8. Let u(s) = s**2 - 2*s + 7. Let i(h) = -3*p(h) - 2*u(h). Give i(0).
10
Let b(a) = a + 2. Let p(u) = 1. Let l(d) = -b(d) + 2*p(d). Calculate l(5).
-5
Let v(r) = r**2 - 11*r + 9. Let l(h) = -h**3 - h**2 + 5*h + 7. Let i be l(-3). Give v(i).
-1
Let r(k) be the third derivative of 0 + 1/6*k**3 - k**2 + 0*k - 1/6*k**4. Determine r(-1).
5
Suppose 13 + 22 = 5*m. Let w(u) = u**3 - 2*u**2 - u - 3. Let t be w(3). Let y(v) = t*v + 2 - m + 2. Determine y(2).
3
Let k(s) be the first derivative of s**3/3 + 7*s**2/2 - 3*s + 53. Give k(-4).
-15
Let s(k) be the second derivative of k**5/20 - k**4/4 - k**3/3 + k**2/2 + 20*k. Determine s(3).
-5
Let m(s) be the first derivative of s**3/3 - 5*s**2/2 + s - 40. Determine m(4).
-3
Let m(b) = -5*b**3 - 31*b**2 + 31*b - 16. Let x(a) = a**3 + 8*a**2 - 8*a + 4. Let w(p) = -2*m(p) - 9*x(p). What is w(9)?
5
Suppose 6*a - 2*a - 24 = 0. Suppose -3*i = -0*i - a. Let b(f) = -3*f**2 + 0*f**i + 0*f + 6*f - f**3 + 2. Give b(-4).
-6
Let s(l) = -3*l**2 - 11 - 11*l**2 + 5. Let k(d) = -1 + d**2 + 3 + 4*d*